*c**2 + 2*c - 8. Suppose -h - 2*r = -21, 0 = 3*h - 5*h - 2*r + 32. What is the remainder when o(6) is divided by h?
7
Let r(j) = 3*j. Let l be r(2). Suppose -u + 5*t = -2, 2*u + 103 = l*u - t. What is the remainder when u is divided by 15?
12
Let i be (-4)/(-6) + 20/6. Suppose 8 + 0 = i*b. What is the remainder when -1 + b + (4 - -7) is divided by 7?
5
What is the remainder when 37 is divided by 1 + (-2 - -2 - -12)?
11
Calculate the remainder when 53 is divided by 81/5 + -2 - 6/30.
11
Let f = 10 + -7. Suppose s - 10 = -n + 5, -n = f*s - 41. What is the remainder when s is divided by (-1)/(12/15 - 1)?
3
Let s = -26 + 29. What is the remainder when 12 is divided by s?
0
Suppose 280 - 50 = 2*h. Suppose -5*o - 5*y = -h, 8*o - 3*o - 5*y - 95 = 0. What is the remainder when 61 is divided by o?
19
Suppose 3*l - r = -l + 4, -8 = 4*l - 4*r. Let f(a) = -a**3 - a**2 + 3*a + 3. Let h be f(-2). Let n = 1 + h. What is the remainder when l is divided by n?
0
Let w(t) = -t + 9. Let f(l) = 1. Let y(b) = -4*f(b) + w(b). Suppose -z = -5*m - 55, 0*m - 2*z = 2*m + 22. What is the remainder when 31 is divided by y(m)?
15
Suppose 0 = -2*g - 5*r + 28, -5*g = 2*r + r - 32. What is the remainder when 54 is divided by g?
2
Suppose -2*p - 3*m + 58 = m, 3*p - 72 = -3*m. Suppose c - 2*a = 3, -c - 2 + p = 5*a. Suppose -6*w + 12 = -2*w. Calculate the remainder when c is divided by w.
1
Let n(k) = 25*k**2 - 3*k + 1. Calculate the remainder when n(2) is divided by 12.
11
Suppose -v + 24 = 2*v. Suppose -4*c = -v*c - 4*u + 52, 2*c - u = 32. What is the remainder when 59 is divided by c?
14
Let d(u) = -u**3 - u**2 - 1. Let q be d(-3). Suppose 8 + q = 5*t. Calculate the remainder when t is divided by 3.
2
Suppose 5*c - 4*t = 35, 5*t = c - 19 - 9. Let p = 7 + c. Calculate the remainder when 38 is divided by p.
8
Let j(w) = 42*w**2 - 23*w - 3. Let x(t) = -14*t**2 + 8*t + 1. Let s(m) = 6*j(m) + 17*x(m). Calculate the remainder when 74 is divided by s(-1).
14
Suppose -2*k + 7 = -43. Suppose 0 = -4*d + 35 + k. Calculate the remainder when 29 is divided by d.
14
What is the remainder when 34 + (-4)/6*63/(-14) is divided by 19?
18
Suppose r - 23 = 28. What is the remainder when r is divided by 18?
15
Suppose 10*m - 3*m - 56 = 0. What is the remainder when 29 is divided by m?
5
Let k be 20/(-15) + (-2)/3. Let v(i) = 8*i**2 + i - 1. Calculate the remainder when v(2) is divided by k/(1 - 3) + 8.
6
Suppose -5 = -5*i, 2*i + 27 = -0*s + s. Suppose s = f + 3. What is the remainder when f is divided by 7?
5
Let h = -10 + 16. Suppose -1 = a + 3. Calculate the remainder when (-30)/a*(-24)/(-18) is divided by h.
4
Let w = 18 + 6. Calculate the remainder when 17 is divided by (6 + -1)*w/20.
5
Suppose -2*h = k - 96, 396 = 4*k - 7*h + 3*h. What is the remainder when k is divided by 26?
20
Suppose 85 + 87 = 4*y. Calculate the remainder when 128 is divided by y.
42
Suppose 2*s = 4*r - 126, -r - 6*s + 18 = -2*s. Calculate the remainder when r is divided by 6/(-3) + 4 + 6.
6
Suppose w + 55 = 5*s, 2*w = -5*s + s + 30. Calculate the remainder when 19 is divided by s.
9
Suppose 72 + 156 = 6*c. Let u = -24 + c. What is the remainder when 26 is divided by u?
12
Suppose -4*j + 92 = -0*j. Let z = 58 + -52. What is the remainder when j is divided by z?
5
Suppose 0*l + 2*i = -l + 25, 0 = 2*i + 10. What is the remainder when l is divided by 12?
11
Let q(n) = -7*n + 1. Suppose 0 = -4*t + 3 + 1. Let l = t - -7. What is the remainder when q(-3) is divided by l?
6
Calculate the remainder when 172 + 7 + -3 + -8 is divided by 9.
6
Suppose 2*m - 128 - 26 = 0. What is the remainder when m is divided by 26?
25
Suppose 0 = -5*u + 3*p + 36, p = 7 - 4. Suppose 20*f = 208 + 272. Calculate the remainder when f is divided by u.
6
What is the remainder when 34 is divided by 10*1 + 13 + -14?
7
What is the remainder when 52 is divided by ((-1)/(-3))/(-2 + (-326)/(-162))?
25
Suppose 4*z - 12 = 0, 4*y - 3*z = -6*z + 29. Calculate the remainder when 6 is divided by y.
1
Let m = 2 + 53. Suppose -4*f + 1 = -m. What is the remainder when 55 is divided by f?
13
Let t(i) = i + 6. Calculate the remainder when 86 is divided by t(7).
8
Let a be (-14)/12 - (-1)/6. Let o(d) = -36*d**3 - 2*d**2 - d. Calculate the remainder when o(a) is divided by 18.
17
Suppose 2*m - 3*p = -8*p - 19, 5*p = -m - 17. Let j = 8 - m. Let i(u) = -u**3 + 5*u**2 + 7*u - 2. What is the remainder when j is divided by i(6)?
2
Suppose -4*f + 3*f = 2*m - 39, f - 105 = -5*m. What is the remainder when 65 is divided by m?
21
Let o = -23 - -50. Let q = o - -10. Suppose -32 = -a - 3*a + 4*p, 0 = 4*a + 5*p - 77. What is the remainder when q is divided by a?
11
What is the remainder when 73 is divided by (20/(-4))/(1*2/(-10))?
23
Let t = 21 - 3. Calculate the remainder when 51 is divided by t.
15
Let f = 126 - 234. Let l be (-2 + 0)*f/(-8). Let r = -13 - l. What is the remainder when 26 is divided by r?
12
Let l = 3 + -4. Suppose -3*d - 123 = -5*c, 1 = c - 4*d - 10. Calculate the remainder when c is divided by 2/(-5)*(-36 - l).
13
Suppose 0 = -2*p + 16 + 24. What is the remainder when 58 is divided by p?
18
Suppose 0 = 4*j - 93 - 91. Let u(x) = 5*x + 1. What is the remainder when j is divided by u(3)?
14
Suppose -72*v + 79*v = 126. Let x(t) = -35*t**3 - t**2 + 1. Calculate the remainder when x(-1) is divided by v.
17
Let d(r) = -7*r - 32. Calculate the remainder when d(-11) is divided by 24.
21
Let u = -44 + 30. Let c = u - -17. Calculate the remainder when (-1)/3 + (-88)/(-12) is divided by c.
1
Let o = -69 - -107. What is the remainder when o is divided by 10?
8
Let m = 14 + -8. Suppose 0 = -a + 5*u - 29, 3*a - u + 4 = -13. What is the remainder when (22/(-4))/(2/a) is divided by m?
5
Let j = -10 - -16. Let p(z) = -42*z - 7. Let v(y) = -y - 1. Let s(x) = j*v(x) - p(x). Calculate the remainder when s(1) is divided by 13.
11
Let n(w) = 2*w**3 - 3*w**2 + w + 1. Calculate the remainder when n(3) is divided by 11.
9
Suppose 2*z - 1 = 3*z. What is the remainder when 66 is divided by (z - 33)*(-1)/2?
15
What is the remainder when 14 is divided by (-4 + 3)*(-12)/3?
2
Let b(f) = 6 + 2*f - f - 8. Let l be b(4). Let s = l + 3. What is the remainder when s is divided by 3?
2
Let c(s) = 2*s**2 - 3*s - 8. Calculate the remainder when 70 is divided by c(-4).
34
Suppose 30 = 4*j - 4*k - 18, -j = 5*k. Calculate the remainder when 27 is divided by j.
7
Suppose -2*t - 3 + 19 = 0. Let s(o) = 16*o - 2. What is the remainder when s(2) is divided by t?
6
Suppose -19*q + 108 = -13*q. What is the remainder when q is divided by 7?
4
Let k(f) = f**3 + 9*f**2 + 2*f + 22. Calculate the remainder when k(-9) is divided by 5 + (0 + 2)*-1.
1
Let n(m) = -m**3 + 4*m**2 + 13*m + 11. Calculate the remainder when 49 is divided by n(6).
15
Let c(l) = -28*l + 2. What is the remainder when c(-2) is divided by 16?
10
Suppose -2*j + 29 + 21 = 0. Let y = -14 + 27. What is the remainder when j is divided by y?
12
Suppose -9 = -g + 4*t + 32, 0 = g - 3*t - 42. What is the remainder when 1405/g + (-2)/9 is divided by 8?
7
Suppose -13*t - 80 = -314. Calculate the remainder when 67 is divided by t.
13
Suppose 3*s - 78 = 4*i - 25, -75 = -5*s + 4*i. What is the remainder when s is divided by 7?
4
Let l(a) = -a**3 - 6*a**2 + 5*a - 8. Let c be 8/(-2 - (-42)/20). Suppose c = -2*t + 7*t. What is the remainder when t is divided by l(-7)?
4
Suppose -3*b - 42 = -6*b. Calculate the remainder when 27 is divided by b.
13
Suppose -3*j + p = -60, j + 4*j + 2*p = 111. Let d(c) = 14*c - 1. Suppose 4*k - 9 = 3*x, 3*x - 5*x = -2. What is the remainder when d(k) is divided by j?
20
Suppose -x + 0*x - 7 = 0. Let v(c) = -c**2 - 9*c. What is the remainder when 40 is divided by v(x)?
12
Let h be (2 - 3)*-83 + 2. Suppose 4*c = -c + h. Calculate the remainder when c is divided by 10.
7
Let z = 7 + -5. Suppose 0 = 3*a + 4*n + 18, a - 13 = -0*a + 5*n. Calculate the remainder when z is divided by ((-4)/6)/(a/3).
0
Let n = -31 + 52. What is the remainder when 123 is divided by n?
18
Suppose -x = 3*x - 40. Suppose -6 = n - o - 57, 4*n + 2*o - 204 = 0. Let u = n + -23. Calculate the remainder when u is divided by x.
8
Let h be (-2 + 2)/(4 - 2). Suppose 3*b = -2*p + 35, b - p - 10 = -h*p. Calculate the remainder when 64 is divided by b.
9
Let d be (1 - 3